mon factor of 2418 and j.
31
Suppose 65246 = 82*d - 48*d. What is the highest common divisor of 57 and d?
19
Suppose -3*h + u + 29 - 66 = 0, -5 = u. Let i be (0 + h)*(-5)/5. Calculate the highest common factor of 35 and i.
7
Let u be (25/(-5))/5 + 4. Suppose -3*t - 4*l - 3 = -227, 236 = u*t + l. Let f = -175 + 295. What is the highest common factor of f and t?
40
Let l = 13 + -73. Let y be l/9*(-9 - -1 - -2). What is the highest common factor of 40 and y?
40
Suppose 284*s = -152*s - 55*s + 1602624. What is the highest common factor of 30 and s?
6
Let p be (-558 - -557)/(0 + (-3)/21). Suppose 0 = -4*a + c + 760, -3*a = -3*c - 2*c - 587. What is the greatest common divisor of p and a?
7
Let k be (-38014)/(-24) + (-4)/(-48). Suppose 4*u - 4*y = 32, -2*u + 2*y = 6*y + 14. Suppose -9*v = u*v - k. Calculate the greatest common divisor of 22 and v.
22
Let q(l) = -l**3 + 7*l**2 + 58*l - 177. Let z be q(3). Calculate the highest common divisor of 8327 and z.
11
Let k = 74 + 250. Suppose -483*j = -492*j + k. What is the highest common divisor of 63 and j?
9
Suppose -7*g + 1175 = 7*g + 83. Calculate the greatest common divisor of g and 27.
3
Let x(a) = 66*a - 7. Let c be x(5). Suppose -u = -3*q - c, 0*q + 4*q + 1593 = 5*u. Let b = -207 + u. What is the highest common factor of b and 10?
10
Let h be (-157)/471*-357*1. Calculate the greatest common divisor of 2091 and h.
17
Let c be 6/6 + (4 + 95 - 4). Let r = 1554 - 1518. What is the highest common divisor of r and c?
12
Let d = -842 - -1723. Let k = d - 566. What is the greatest common factor of k and 30?
15
Suppose -3*n + 86 = -b + 2*b, 5*b - 382 = n. Let s be 22*(-1)/2*(150/15 - 11). Calculate the greatest common divisor of b and s.
11
Suppose 29*l - 30*l - 16*l = -4624. Calculate the greatest common divisor of l and 2652.
68
Let b(n) = -88*n**2 + 793*n + 9. Let y be b(9). Suppose -2*m + 3*x = 2*x - 1327, -4*m = 2*x - 2674. Calculate the greatest common factor of m and y.
18
Suppose 0 = t + 3*v - 2*v - 1265, 2*t - 2526 = -3*v. Let f = 406 - 359. Calculate the greatest common factor of t and f.
47
Let j = 22938 - 9907. Calculate the greatest common divisor of 628 and j.
157
Let f be 3594 + 11/(77/(-49)) + -11. What is the greatest common factor of 24 and f?
24
Let z(m) = -m**3 - 6*m**2 + 14*m + 14. Let a be z(-8). Let n be (-40)/a*(-39)/2. Calculate the greatest common factor of n and 143.
13
Let k(x) = -x**3 + 9*x**2 + 300*x - 3. Let n be k(21). Calculate the greatest common divisor of n and 871.
67
Let o(p) = 31*p - 150. Let t be o(6). Suppose 682 = -2*w + 5*w + u, -u - 230 = -w. What is the greatest common divisor of t and w?
12
Let x(a) = -a**3 - 15*a**2 - 39*a - 55. Let m be x(-13). Calculate the highest common divisor of 627 and m.
57
Let v = 25694 - 25654. Calculate the greatest common factor of 2312 and v.
8
Let g(h) = h**3 + 11*h**2 + 8*h - 16. Let s be g(-10). Suppose -180 = -11*w - s*w. Calculate the highest common factor of 228 and w.
12
Let h(w) = 2*w**2 + 7. Let z be h(5). Let s = 778 - 767. Let r be -6*((-312)/18 + s). Calculate the highest common divisor of r and z.
19
Suppose 44*q + 11452 = 16*q. Let i = q + 465. What is the greatest common factor of 196 and i?
28
Let k(q) = 2*q**3 - 4*q**2 - 4. Let r be k(3). Suppose 0 = 6*a - 17 - 7. Suppose a*p = 4, 4*n = 7*n - 2*p - 82. What is the greatest common factor of n and r?
14
Let m = -6972 - -6983. What is the greatest common divisor of m and 7?
1
Suppose -10*s + 1750 = 15*s - 20*s. What is the greatest common divisor of 294 and s?
14
Let i = -111 - -114. Let d(j) = -65*j + 2. Let q be d(-2). Suppose i*v - 57 - 30 = -3*b, 4*v - q = 4*b. What is the greatest common factor of v and 93?
31
Let v be (9870/18 - -4) + (-48)/36. Suppose 4*c = 16 + 60. What is the highest common factor of c and v?
19
Suppose 2*c - 4*r - 328 = 0, -283 = -3*c + c - 5*r. Let t be -1 - (-4)/(4/(-3)). Let l be t/(-5)*(-70)/(-4). What is the greatest common factor of l and c?
14
Suppose -5*n = 3*f + 106 - 700, n = -5*f + 990. What is the highest common factor of 1206 and f?
18
Let x(d) = -745*d**3 - 4*d**2 - 4*d - 1. Let h be x(-1). What is the highest common factor of 5115 and h?
93
Let i = -1881 + 2328. What is the greatest common factor of 3725 and i?
149
Let k be (8/5)/((-1)/(-5)). Suppose -253 + 239 = -7*m. Suppose m*s = 0, -2*i - s + 16 = 2*s. What is the highest common divisor of i and k?
8
Let o(t) = -19*t**2 - 3*t - 4. Let s be o(2). Let b = 95 + s. Let d(j) = 6*j - 6. Let l be d(b). Calculate the greatest common divisor of 120 and l.
24
Let s = 4863 + -4631. Calculate the highest common divisor of s and 32.
8
Let t = -79 + 84. Suppose -2*m = p - 82, t*p - 2*m = -3*m + 401. Let b = p - 67. What is the greatest common factor of 65 and b?
13
Suppose 36*w = 1411 + 2189. What is the highest common divisor of w and 325?
25
Suppose -85*l + 114*l = 17342. What is the greatest common factor of 46 and l?
46
Let g(d) = -2*d**2 + 15*d + 6. Let n be g(12). Let j = -64 + 59. Let a be (76/6)/(n/(-18) + j). What is the greatest common divisor of 19 and a?
19
Let u be 111/39 - 4/(-26). Suppose 5*n = -u*t + 4611, n + t - 1845 = -n. Suppose -2 = d - 0, -5*a + n = 3*d. Calculate the greatest common factor of 31 and a.
31
Let l(v) = 8*v - 23. Suppose -16*j = -45 - 51. Let s be l(j). Suppose 5*c = -s + 190. What is the highest common factor of 11 and c?
11
Let g = -64 - -54. Let j be 28/(-6)*(6 + 75/g). Suppose x = -11 + 130. What is the highest common divisor of x and j?
7
Let a(f) = 2*f**2 - 4*f. Let q be a(3). Let d be (2/q)/(2/138). Suppose -40*m + 3165 + 4195 = 0. What is the greatest common factor of m and d?
23
Suppose 5*p - 4*u - 80 = 112, -p + 2*u = -48. Calculate the highest common divisor of 7760 and p.
16
Let a be (-2)/5 + (-82224)/(-360). Suppose 550 = -223*f + a*f. What is the greatest common factor of f and 55?
55
Suppose -6*i - 5*u + 95 = -3*i, 4*i - 126 = -6*u. Calculate the highest common divisor of 114 and i.
6
Let j be 6/10 + 0 - (-1744)/10. Suppose j = -4*y + r, r + 47 = 3*y + 177. Let z = -34 - y. What is the greatest common factor of 33 and z?
11
Suppose 3*v - 1141 = -5*r, -2*v - 319 + 333 = 0. What is the greatest common factor of r and 210?
14
Suppose 9*f - 6*f = -9. Let d be (7 - 0) + (f - 2). Let h be d/16*1203 + 201/(-536). What is the greatest common divisor of h and 15?
15
Let h = 2453 - 1967. Calculate the greatest common factor of h and 6.
6
Suppose 0 = -4*m + 2 + 2. Suppose 5*x = m + 4. Let i be 6*((-5)/(-5) + x). Calculate the greatest common divisor of i and 132.
12
Let f be (-4)/16 + (-154)/(-8). Let i = -32 - -76. Let y = i - 25. Calculate the greatest common factor of f and y.
19
Let h = -37790 - -51965. What is the highest common factor of 25 and h?
25
Let n = -14213 + 28865. Calculate the greatest common divisor of 18 and n.
18
Let c be (-8)/16 - (2 + (-133)/(-2)). Let y = c - -144. Let v be 50*(6/(-2))/(-6). What is the greatest common divisor of y and v?
25
Suppose 2*h + 2*h - 32 = 0. Let x(a) = 1008 + 1058 + 23*a - 1857. Let y be x(-9). What is the greatest common factor of y and h?
2
Suppose -5*n = 15, 0*o - n + 141 = 3*o. Suppose -2*j = -2*c + 80 - 2166, -3*c + 2*j = 3132. Let v = c + 1526. What is the greatest common divisor of v and o?
48
Let n(a) = -35*a - 230. Let w be n(-50). What is the highest common divisor of 80 and w?
80
Suppose 2*p - 9*w = -11*w + 116, -2*p + 2*w + 136 = 0. Let b = 14 + -23. Let s be (-6 + 1)*b/5. What is the greatest common factor of p and s?
9
Let o be 168 + 2 + -5 + 5. Let b = -119 + o. Calculate the highest common divisor of b and 136.
17
Suppose 0 = -48*z + 11*z + 14*z + 299. What is the highest common divisor of z and 13052?
13
Suppose -2*f + 5*s + 16237 = 0, 2*f - 427*s = -424*s + 16247. Calculate the greatest common divisor of 1384 and f.
173
Suppose 0 = -2*f - 4*w - 16, -5*w = -0*f + 4*f + 29. Let i = 7 - f. Let u be (-1 - 282/(-26)) + 2/i. Calculate the greatest common divisor of 10 and u.
10
Suppose -3*d - 3*c = -3 - 9, -5*c = -5*d + 30. Suppose -i = -177 + 56. Suppose i + 79 = d*o. Calculate the greatest common divisor of o and 60.
20
Let t = 68303 + -68284. Suppose 2*v - v = 171. What is the highest common factor of t and v?
19
Suppose -4*d + 27*b - 25*b = -1990, -4*d + 1969 = b. What is the 